-3*g = 7 + 140. Let x = g - -112. What is the units digit of x?
3
Let l = 8 + -6. Suppose v + 57 = -l*v. Let y = 40 + v. What is the units digit of y?
1
Suppose 141851 - 46711 = 71*a. What is the hundreds digit of a?
3
Let v(b) = b - 8. Let h be v(-5). Let f = 15 + h. Suppose -4*i + f = -66. What is the tens digit of i?
1
Let n(c) = 21*c - 65. What is the hundreds digit of n(13)?
2
Let f(u) = -68*u + 54. What is the units digit of f(-7)?
0
Suppose 4638*w = 4629*w + 11421. What is the thousands digit of w?
1
Let u = 208 - -140. What is the hundreds digit of u?
3
What is the tens digit of 6/(-9) - (8 - (-4905)/(-27))?
7
Let g = -202 - -466. What is the hundreds digit of g?
2
Suppose 0 = 29*b + 10*b - 52455. What is the hundreds digit of b?
3
Suppose 0*v = 3*v - 57. Let c be 4/18 - 1596/(-108). What is the tens digit of (v - 1)/(c/20)?
2
Let a(o) = o**3 - 1 + o**2 + 4*o**2 - 3*o + 6 - 3*o. Let i be a(-6). Suppose 0 = i*k + 63 - 188. What is the units digit of k?
5
Let t(n) = -117*n - 250. What is the units digit of t(-3)?
1
Suppose -43 = -4*t - 7. Let n(i) = -7*i + 11. Let x(z) = z. Let y(j) = -n(j) - 5*x(j). What is the units digit of y(t)?
7
Let y be (18/30)/(2/110). Suppose m + 0*v - 18 = 2*v, -24 = -m - 4*v. Suppose -o = 2*p - y, -3*p = o - m - 30. What is the tens digit of p?
1
Let x(j) = 1675*j**2 - 4*j - 2. What is the hundreds digit of x(-1)?
6
Let b = -258 - -1321. What is the tens digit of b?
6
Suppose 25*c + 7*c - 7904 = 0. What is the units digit of c?
7
Let i = 310 + -200. What is the hundreds digit of i?
1
Let j(o) = -7*o - 5. Suppose p + p = 6. Let m(n) = n - 8. Let l be m(p). What is the units digit of j(l)?
0
Let n(z) = -24*z + 140. What is the hundreds digit of n(-12)?
4
Let c(y) = -y**3 + 5*y**2 - 3*y + 1. Let j be (-8 - (0 - -2))/(-2). Suppose -j*p + 12 = -p. What is the units digit of c(p)?
0
Suppose 0 = c - 4*c + 45. Suppose -4*z + 100 - 29 = -x, -z + 3*x = -c. What is the units digit of z?
8
Let t = 0 - -5. Suppose 5*v + 0*f = -f + 257, 3*v - 2*f - 162 = 0. Suppose t*d - v = m + 70, -2*d = -5*m - 35. What is the units digit of d?
5
Suppose 3*a = 7*a. Suppose a = u - 0*u - 15. Let h = u - 0. What is the units digit of h?
5
Suppose -4*d - d = -10. Suppose 3*f + d*f - 63 = -2*k, -4*f + 4*k = -56. Suppose 103 = 4*g - f. What is the units digit of g?
9
Suppose 64*s - 30 = 54*s. Suppose 0 = -3*m + 4*m. Suppose 129 = 4*y + s*i, -y - 3*y - 2*i + 134 = m. What is the units digit of y?
6
Let p be 2/(-7) + 2005/35. Let t = -31 + p. Let s = -12 + t. What is the tens digit of s?
1
Let w(o) = -o**3 - 7*o**2 - 2*o + 2. Let k be w(-3). Let x(l) = -l - 47. Let g be x(4). Let i = k - g. What is the units digit of i?
3
Suppose 0 = 6*v + 153 - 465. Suppose 2*r - v = r. What is the units digit of r?
2
Suppose 1477 = -14*k + 15*k. What is the units digit of k?
7
Suppose 25*i - 7770 - 155 = 0. What is the tens digit of i?
1
Let j = 7 - 13. Let i(y) = -y**3 + 7*y**2 - 6*y + 8. Let k(t) = -t**2 + t - 1. Let o(p) = j*k(p) - i(p). What is the units digit of o(3)?
6
Let j = 46 + 579. What is the units digit of j?
5
Suppose -21*k = -23*k + 20. Suppose p + 5*w + k = 25, 3*p - 145 = 5*w. What is the tens digit of p?
4
Suppose 0 = 5*j - 5*k - 520, 0*j = j - 2*k - 104. What is the tens digit of (-2)/(-4)*j + 4?
5
Suppose -4*m = -3*a - 216, -2*a - 31 = -3*m + 114. What is the units digit of a*((-46)/8 + 5)?
1
Let j = 12 + -18. Let r = j - -9. Suppose -4*x = 5*o - 78, 99 = 5*o - 0*x - r*x. What is the tens digit of o?
1
Let o(y) = -y**3 - 2*y**2 + 6*y + 41. What is the tens digit of o(0)?
4
Let k = -495 + 503. What is the units digit of k?
8
Suppose -5*j + g + 4*g = 20, 0 = j + 3*g + 8. Let f(i) = -8*i + 3*i - 9 - 3*i. What is the tens digit of f(j)?
3
Suppose 0*q = -4*q. Suppose -27 = -2*x - h, -2*x = -q*x - 3*h - 31. Suppose 2*d - x - 6 = 0. What is the units digit of d?
0
Let i = 505 + -324. Suppose 0 = 184*l - i*l - 951. What is the hundreds digit of l?
3
Let o be (-3)/(4465/1120 + -4). Let z = o - -76. What is the units digit of z?
0
Suppose -2*t + 306 = 4*a, t = -0*a - 5*a + 375. Let d = a - 34. What is the units digit of d?
0
Let v(a) = -83*a**3 - 13*a**2 - 20*a + 3. What is the hundreds digit of v(-2)?
6
What is the hundreds digit of 7 - (-6)/(18/4017)?
3
Suppose 316 = h - 3*p, 0 = 3*h - h - p - 647. Let m = h + -101. Suppose -8*o = -4*o - m. What is the tens digit of o?
5
Let v(p) = -p**2 - 2*p - 5. Let b be v(-5). Let u(c) = -4*c**2 - 11*c - 1. Let a be u(-8). What is the units digit of 5/b - a/4?
2
Let n(p) = -13*p**2 + 2*p + 1. Let i be n(-1). Let f = i - -23. Suppose -5*w = 4*z - f*z + 120, -w - 80 = -3*z. What is the tens digit of z?
2
Let z = -7 - -10. Suppose 0 = -z*l + 6*l + 3. What is the units digit of (l - 0)*(1 + -8)?
7
Let f(h) = -h + 7. Let r(v) = -v + 7. Let t be 81/18 - (-2)/(-4). Let o(c) = t*r(c) - 5*f(c). What is the units digit of o(15)?
8
What is the tens digit of 1/(-3) + 3/(9/1789)?
9
Suppose -15*r = -19*r + 1024. What is the hundreds digit of r?
2
Suppose -3790 = -176*f + 174*f. What is the hundreds digit of f?
8
Suppose -24*b = -2819 - 3925. What is the units digit of b?
1
Let s be 193/2 + 11/22. Let k = -19 + s. What is the tens digit of k?
7
Let r(z) = 3*z**2 - 18*z - 15. Let p(c) be the second derivative of c**4/12 + 6*c. Let m(k) = 2*p(k) - r(k). What is the tens digit of m(16)?
4
Let f(y) = 79*y - 7. Let m(c) = -20*c + 2. Let o(h) = 2*f(h) + 9*m(h). What is the tens digit of o(-3)?
7
Suppose 45*r - 43*r - 7420 = 0. What is the hundreds digit of r?
7
Let c = 14 + -13. What is the tens digit of 1/((-455)/460 + c)?
9
Let u = -114 + 54. What is the units digit of (-14)/(((-3)/u*-6)/3)?
0
Let z = -117 + 377. What is the hundreds digit of z?
2
Let f(w) = -w**3 + 10*w**2 - 4*w - 7. Let j be f(7). Suppose -2*t + j = -0*t + 2*q, -5*t = q - 268. What is the units digit of t?
3
Let g(i) = i**2 - 12*i + 14. Let t be g(11). Let q(f) = -f**2 + 4*f. Let b be q(t). Suppose 0 = 3*z - b*x - 48, -2*x + 3 = -3*x. What is the units digit of z?
3
Suppose 8 = -2*t, 5*v + 5*t = 1295 + 990. What is the tens digit of v?
6
Suppose -5*u + 3 = -4*u. Let r(m) = m**3 - 2*m**2 - 3*m + 4. Let x be r(u). What is the units digit of (-4)/((-3)/30*x)?
0
Let r(m) be the third derivative of -m**4/24 + m**3/3 - m**2. Let y be r(2). Suppose 5*i - 7*i + 74 = y. What is the tens digit of i?
3
Let u(q) = 6*q + 2. Let w be u(0). Suppose w*f + 3*y - 2*y = 348, f - 169 = -3*y. What is the tens digit of f?
7
Suppose 0 = 3*l - 17 - 28. Suppose 0 = 3*h - 2*h + z - l, -5*z = 2*h - 18. What is the tens digit of h?
1
Let x = -10 + 7. Let t be -54*(6 + x - 4). Suppose 4*z = t - 14. What is the units digit of z?
0
Let u = 1395 + -928. What is the hundreds digit of u?
4
Let u = 54 - 78. Suppose 2*x - x = -18. Let l = x - u. What is the units digit of l?
6
What is the thousands digit of (4 - (-82)/(-5))*(13 - 183)?
2
Let j = 264 + 887. What is the hundreds digit of j?
1
Let f(o) = -19*o + 1752. What is the thousands digit of f(0)?
1
What is the thousands digit of (256250/75)/((-10)/(-15))?
5
Suppose 5*h - 2064 = 3*c, -5*c = 3*h - 822 - 396. What is the tens digit of h?
1
Suppose -12*h = 16*h - 8820. What is the units digit of h?
5
Let l be (-124)/(-28) + 20/35. Suppose -l*p - 195 = -6*p. What is the units digit of p?
5
Let i(u) = 40*u**2 - 20*u + 8. What is the hundreds digit of i(-6)?
5
Suppose -34*x = -10362 - 74536. What is the thousands digit of x?
2
Suppose 5*y - 6*y + 298 = 0. Let z = -139 + y. Suppose -z = -5*o - 19. What is the units digit of o?
8
Let d = -48 + 24. What is the units digit of 6/d + 423/12?
5
Let w = -40 - -43. Suppose 0 = -4*a + 2*m + 110 + 212, 155 = 2*a - w*m. What is the tens digit of a?
8
Let s(h) = 64*h**2 + 36*h - 151. What is the hundreds digit of s(5)?
6
Let m be 2/1 - (1363 - 5). What is the tens digit of (-1)/(-5) - m/20?
6
Suppose 2*w = -2*w + 12. Suppose -5*o - y = -0*y, 0 = 5*o - w*y. Suppose o*l + 42 = l. What is the units digit of l?
2
Suppose 0 = 3*u, b - 884 = 5*u - 211. What is the units digit of b?
3
Let k be 4/(-3) + (-11760)/(-45). Let t be 906/4*k/(-78). What is the tens digit of (-2)/(-4 + t/(-190))?
7
Suppose 11*s - 336 = 3*s. Let j = -30 + s. What is the tens digit of j?
1
Let b(a) = -a**3 + 7*a**2 - 5*a - 3. Let c be b(3)